{"id":75,"date":"2017-05-29T05:01:46","date_gmt":"2017-05-29T05:01:46","guid":{"rendered":"https:\/\/zentrum-tcm-kampfkunst.de\/praxis-fuer-tcm\/?page_id=75"},"modified":"2017-07-12T17:05:25","modified_gmt":"2017-07-12T15:05:25","slug":"faq-tcm-behandlung","status":"publish","type":"page","link":"https:\/\/zentrum-tcm-kampfkunst.de\/praxis-fuer-tcm\/faq-tcm-behandlung\/","title":{"rendered":"FAQ &#8211; TCM Behandlung"},"content":{"rendered":"<p class=\"bodytext\"><strong>Wie ist die Dauer einer TCM-Behandlung?<br \/>\n<\/strong>Sinn und Ziel der TCM-Behandlung ist die Wiederherstellung der gesundheitlichen Balance. Ist dieses Gleichgewicht erreicht, dann ist die Behandlung nicht l\u00e4nger notwendig. Die Dauer liegt\u00a0 etwa zwischen 10 und 12 Behandlungen mit Akupunktur. Als Regel gilt, je l\u00e4nger die Symptomatik \u00a0besteht desto l\u00e4nger ben\u00f6tigt sie, um wieder zu verschwinden.<\/p>\n<p class=\"bodytext\">Bei Arzneimitteltherapie sind etwa 1-4 Monate notwendig, zus\u00e4tzlich \u00a0nochmals j\u00e4hrlich eine Kur, wenn die Gesundheit aus dem Gleichgewicht geraten ist.<\/p>\n<p class=\"bodytext\">Nur schwere chronische Erkrankungen wie Parkinson, Multiple Sklerose und bestimmte Krebsformen erfordern eine langfristige oder dauerhafte Behandlung mit chinesischer Arznei.<\/p>\n<p class=\"bodytext\"><strong>Kann man gleichzeitig TCM und Schulmedizin anwenden?<br \/>\n<\/strong>Nat\u00fcrlich. In China wird die TCM schon jahrzehntelang sowohl alleine wie auch in Kombination mit der westlichen Medizin verwendet. Dies ist besonders in der Krebstherapie der Fall, wo die Chemo- oder Radiotherapie den offensiven Angriff und die TCM-Arzneien, die defensive St\u00e4rkung von Abwehr und Verminderung von Nebenwirkungen \u00fcbernimmt.<\/p>\n<p class=\"bodytext\">Auch f\u00fcr den normalen Patienten gilt, dass er nicht nur seine herk\u00f6mmlichen Medikamente weiter nehmen darf, sondern sie sogar am Tag der Diagnose weiter nehmen sollte, wenn sie ein Teil der t\u00e4glichen Einfl\u00fcsse geworden sind, die ihn ebenso wie Ern\u00e4hrung und Umwelt\u00a0 beeinflussen, und somit ein Teil des komplizierten Netzwerks geworden sind, das wir unseren K\u00f6rper nennen.<\/p>\n","protected":false},"excerpt":{"rendered":"<p>Wie ist die Dauer einer TCM-Behandlung? Sinn und Ziel der TCM-Behandlung ist die Wiederherstellung der gesundheitlichen Balance. Ist dieses Gleichgewicht erreicht, dann ist die Behandlung nicht l\u00e4nger notwendig. Die Dauer [&hellip;]<\/p>\n","protected":false},"author":1,"featured_media":0,"parent":0,"menu_order":0,"comment_status":"closed","ping_status":"closed","template":"","meta":{"footnotes":""},"class_list":["post-75","page","type-page","status-publish","hentry"],"yoast_head":"<!-- This site is optimized with the Yoast SEO plugin v27.4 - https:\/\/yoast.com\/product\/yoast-seo-wordpress\/ -->\n<title>FAQ - TCM Behandlung - Praxis f\u00fcr TCM in Staufen<\/title>\n<meta name=\"robots\" content=\"index, follow, max-snippet:-1, max-image-preview:large, max-video-preview:-1\" \/>\n<link rel=\"canonical\" href=\"https:\/\/zentrum-tcm-kampfkunst.de\/praxis-fuer-tcm\/faq-tcm-behandlung\/\" \/>\n<meta property=\"og:locale\" content=\"de_DE\" \/>\n<meta property=\"og:type\" content=\"article\" \/>\n<meta property=\"og:title\" content=\"FAQ - TCM Behandlung - Praxis f\u00fcr TCM in Staufen\" \/>\n<meta property=\"og:description\" content=\"Wie ist die Dauer einer TCM-Behandlung? Sinn und Ziel der TCM-Behandlung ist die Wiederherstellung der gesundheitlichen Balance. Ist dieses Gleichgewicht erreicht, dann ist die Behandlung nicht l\u00e4nger notwendig. Die Dauer [&hellip;]\" \/>\n<meta property=\"og:url\" content=\"https:\/\/zentrum-tcm-kampfkunst.de\/praxis-fuer-tcm\/faq-tcm-behandlung\/\" \/>\n<meta property=\"og:site_name\" content=\"Praxis f\u00fcr TCM in Staufen\" \/>\n<meta property=\"article:modified_time\" content=\"2017-07-12T15:05:25+00:00\" \/>\n<meta name=\"twitter:card\" content=\"summary_large_image\" \/>\n<meta name=\"twitter:label1\" content=\"Gesch\u00e4tzte Lesezeit\" \/>\n\t<meta name=\"twitter:data1\" content=\"1\u00a0Minute\" \/>\n<script type=\"application\/ld+json\" class=\"yoast-schema-graph\">{\"@context\":\"https:\\\/\\\/schema.org\",\"@graph\":[{\"@type\":\"WebPage\",\"@id\":\"https:\\\/\\\/zentrum-tcm-kampfkunst.de\\\/praxis-fuer-tcm\\\/faq-tcm-behandlung\\\/\",\"url\":\"https:\\\/\\\/zentrum-tcm-kampfkunst.de\\\/praxis-fuer-tcm\\\/faq-tcm-behandlung\\\/\",\"name\":\"FAQ - TCM Behandlung - Praxis f\u00fcr TCM in Staufen\",\"isPartOf\":{\"@id\":\"https:\\\/\\\/zentrum-tcm-kampfkunst.de\\\/praxis-fuer-tcm\\\/#website\"},\"datePublished\":\"2017-05-29T05:01:46+00:00\",\"dateModified\":\"2017-07-12T15:05:25+00:00\",\"breadcrumb\":{\"@id\":\"https:\\\/\\\/zentrum-tcm-kampfkunst.de\\\/praxis-fuer-tcm\\\/faq-tcm-behandlung\\\/#breadcrumb\"},\"inLanguage\":\"de\",\"potentialAction\":[{\"@type\":\"ReadAction\",\"target\":[\"https:\\\/\\\/zentrum-tcm-kampfkunst.de\\\/praxis-fuer-tcm\\\/faq-tcm-behandlung\\\/\"]}]},{\"@type\":\"BreadcrumbList\",\"@id\":\"https:\\\/\\\/zentrum-tcm-kampfkunst.de\\\/praxis-fuer-tcm\\\/faq-tcm-behandlung\\\/#breadcrumb\",\"itemListElement\":[{\"@type\":\"ListItem\",\"position\":1,\"name\":\"Startseite\",\"item\":\"https:\\\/\\\/zentrum-tcm-kampfkunst.de\\\/praxis-fuer-tcm\\\/\"},{\"@type\":\"ListItem\",\"position\":2,\"name\":\"FAQ &#8211; TCM Behandlung\"}]},{\"@type\":\"WebSite\",\"@id\":\"https:\\\/\\\/zentrum-tcm-kampfkunst.de\\\/praxis-fuer-tcm\\\/#website\",\"url\":\"https:\\\/\\\/zentrum-tcm-kampfkunst.de\\\/praxis-fuer-tcm\\\/\",\"name\":\"Praxis f\u00fcr TCM in Staufen\",\"description\":\"Zentrum f\u00fcr TCM &amp; Kampfkunst Guo-Shu\",\"potentialAction\":[{\"@type\":\"SearchAction\",\"target\":{\"@type\":\"EntryPoint\",\"urlTemplate\":\"https:\\\/\\\/zentrum-tcm-kampfkunst.de\\\/praxis-fuer-tcm\\\/?s={search_term_string}\"},\"query-input\":{\"@type\":\"PropertyValueSpecification\",\"valueRequired\":true,\"valueName\":\"search_term_string\"}}],\"inLanguage\":\"de\"}]}<\/script>\n<!-- \/ Yoast SEO plugin. -->","yoast_head_json":{"title":"FAQ - TCM Behandlung - Praxis f\u00fcr TCM in Staufen","robots":{"index":"index","follow":"follow","max-snippet":"max-snippet:-1","max-image-preview":"max-image-preview:large","max-video-preview":"max-video-preview:-1"},"canonical":"https:\/\/zentrum-tcm-kampfkunst.de\/praxis-fuer-tcm\/faq-tcm-behandlung\/","og_locale":"de_DE","og_type":"article","og_title":"FAQ - TCM Behandlung - Praxis f\u00fcr TCM in Staufen","og_description":"Wie ist die Dauer einer TCM-Behandlung? Sinn und Ziel der TCM-Behandlung ist die Wiederherstellung der gesundheitlichen Balance. Ist dieses Gleichgewicht erreicht, dann ist die Behandlung nicht l\u00e4nger notwendig. Die Dauer [&hellip;]","og_url":"https:\/\/zentrum-tcm-kampfkunst.de\/praxis-fuer-tcm\/faq-tcm-behandlung\/","og_site_name":"Praxis f\u00fcr TCM in Staufen","article_modified_time":"2017-07-12T15:05:25+00:00","twitter_card":"summary_large_image","twitter_misc":{"Gesch\u00e4tzte Lesezeit":"1\u00a0Minute"},"schema":{"@context":"https:\/\/schema.org","@graph":[{"@type":"WebPage","@id":"https:\/\/zentrum-tcm-kampfkunst.de\/praxis-fuer-tcm\/faq-tcm-behandlung\/","url":"https:\/\/zentrum-tcm-kampfkunst.de\/praxis-fuer-tcm\/faq-tcm-behandlung\/","name":"FAQ - TCM Behandlung - Praxis f\u00fcr TCM in Staufen","isPartOf":{"@id":"https:\/\/zentrum-tcm-kampfkunst.de\/praxis-fuer-tcm\/#website"},"datePublished":"2017-05-29T05:01:46+00:00","dateModified":"2017-07-12T15:05:25+00:00","breadcrumb":{"@id":"https:\/\/zentrum-tcm-kampfkunst.de\/praxis-fuer-tcm\/faq-tcm-behandlung\/#breadcrumb"},"inLanguage":"de","potentialAction":[{"@type":"ReadAction","target":["https:\/\/zentrum-tcm-kampfkunst.de\/praxis-fuer-tcm\/faq-tcm-behandlung\/"]}]},{"@type":"BreadcrumbList","@id":"https:\/\/zentrum-tcm-kampfkunst.de\/praxis-fuer-tcm\/faq-tcm-behandlung\/#breadcrumb","itemListElement":[{"@type":"ListItem","position":1,"name":"Startseite","item":"https:\/\/zentrum-tcm-kampfkunst.de\/praxis-fuer-tcm\/"},{"@type":"ListItem","position":2,"name":"FAQ &#8211; TCM Behandlung"}]},{"@type":"WebSite","@id":"https:\/\/zentrum-tcm-kampfkunst.de\/praxis-fuer-tcm\/#website","url":"https:\/\/zentrum-tcm-kampfkunst.de\/praxis-fuer-tcm\/","name":"Praxis f\u00fcr TCM in Staufen","description":"Zentrum f\u00fcr TCM &amp; Kampfkunst Guo-Shu","potentialAction":[{"@type":"SearchAction","target":{"@type":"EntryPoint","urlTemplate":"https:\/\/zentrum-tcm-kampfkunst.de\/praxis-fuer-tcm\/?s={search_term_string}"},"query-input":{"@type":"PropertyValueSpecification","valueRequired":true,"valueName":"search_term_string"}}],"inLanguage":"de"}]}},"_links":{"self":[{"href":"https:\/\/zentrum-tcm-kampfkunst.de\/praxis-fuer-tcm\/wp-json\/wp\/v2\/pages\/75","targetHints":{"allow":["GET"]}}],"collection":[{"href":"https:\/\/zentrum-tcm-kampfkunst.de\/praxis-fuer-tcm\/wp-json\/wp\/v2\/pages"}],"about":[{"href":"https:\/\/zentrum-tcm-kampfkunst.de\/praxis-fuer-tcm\/wp-json\/wp\/v2\/types\/page"}],"author":[{"embeddable":true,"href":"https:\/\/zentrum-tcm-kampfkunst.de\/praxis-fuer-tcm\/wp-json\/wp\/v2\/users\/1"}],"replies":[{"embeddable":true,"href":"https:\/\/zentrum-tcm-kampfkunst.de\/praxis-fuer-tcm\/wp-json\/wp\/v2\/comments?post=75"}],"version-history":[{"count":2,"href":"https:\/\/zentrum-tcm-kampfkunst.de\/praxis-fuer-tcm\/wp-json\/wp\/v2\/pages\/75\/revisions"}],"predecessor-version":[{"id":184,"href":"https:\/\/zentrum-tcm-kampfkunst.de\/praxis-fuer-tcm\/wp-json\/wp\/v2\/pages\/75\/revisions\/184"}],"wp:attachment":[{"href":"https:\/\/zentrum-tcm-kampfkunst.de\/praxis-fuer-tcm\/wp-json\/wp\/v2\/media?parent=75"}],"curies":[{"name":"wp","href":"https:\/\/api.w.org\/{rel}","templated":true}]}}