{"id":183,"date":"2017-05-24T14:49:59","date_gmt":"2017-05-24T14:49:59","guid":{"rendered":"https:\/\/zentrum-tcm-kampfkunst.de\/kampfkunstschule\/?page_id=183"},"modified":"2017-05-24T14:49:59","modified_gmt":"2017-05-24T14:49:59","slug":"kampfkunst-tugend-wu-de-%e6%ad%a6%e5%be%b7","status":"publish","type":"page","link":"https:\/\/zentrum-tcm-kampfkunst.de\/kampfkunstschule\/ueber-kampfkunst\/kampfkunst-tugend-wu-de-%e6%ad%a6%e5%be%b7\/","title":{"rendered":"Kampfkunst Tugend Wu &#8211; De (\u6b66\u5fb7)"},"content":{"rendered":"<div>\n<p class=\"bodytext\">Dieser Ehrenkodex, das &#8222;Wu De&#8220;, \u00fcbersetzt auch die &#8222;Tugenden des K\u00e4mpfers&#8220;, bestehen aus folgenden Charaktereigenschaften &#8211; sowie aus (je nach \u00dcberlieferung) ungef\u00e4hr 20 verbotenen Handlungsweisen (\u00e4hnlich den 10 Geboten).<\/p>\n<\/div>\n<div>\n<p class=\"bodytext\"><b>Die Tugenden der Handlung<\/b><\/p>\n<p class=\"bodytext\">&#8211; Demut (<i>qi\u0101nx\u016b<\/i>, \u8b19\u865b)<br \/>\n&#8211; Achtung (<i>z\u016bnj\u00ecng<\/i>, \u5c0a\u656c)<br \/>\n&#8211; Rechtschaffenheit (<i>zh\u00e8ngy\u00ec<\/i>, \u6b63\u4e49)<br \/>\n&#8211; Vertrauen (<i>x\u00ecny\u00f2ng<\/i>, \u4fe1\u7528)<br \/>\n&#8211; Loyalit\u00e4t (<i>zh\u014dngch\u00e9ng<\/i>, \u5fe0\u8aa0)<\/p>\n<\/div>\n<div>\n<p class=\"bodytext\"><b>Die Tugenden des Geistes<\/p>\n<p><\/b>&#8211; Wille (<i>y\u00eczh\u00ec<\/i>, \u610f\u5fd7)<br \/>\n&#8211; Ausdauer (<i>r\u011bnn\u00e0i<\/i>, \u5fcd\u8010)<br \/>\n&#8211; Beharrlichkeit (<i>y\u00ecl\u00ec<\/i>, \u6bc5\u529b)<br \/>\n&#8211; Geduld (<i>n\u00e0ix\u012bn<\/i>, \u8010\u5fc3)<br \/>\n&#8211; Mut ( <i>y\u01d2ngg\u01cen<\/i>, \u52c7\u6562)<\/p>\n<\/div>\n<div>\n<p class=\"bodytext\"><b>Die erwarteten Tugenden<\/b><\/p>\n<\/div>\n<div>\n<p class=\"bodytext\">&#8211; Barmherzigkeit (<i>c\u00edb\u0113i<\/i>, \u6148\u60b2)<br \/>\n&#8211; Selbstbeherrschung (<i>z\u00eczh\u00ec<\/i>,\u81ea\u5236)<br \/>\n&#8211; Bescheidenheit (<i>qi\u0101nx\u016b<\/i>, \u8b19\u865b)<\/p>\n<\/div>\n","protected":false},"excerpt":{"rendered":"<p>Dieser Ehrenkodex, das &#8222;Wu De&#8220;, \u00fcbersetzt auch die &#8222;Tugenden des K\u00e4mpfers&#8220;, bestehen aus folgenden Charaktereigenschaften &#8211; sowie aus (je nach \u00dcberlieferung) ungef\u00e4hr 20 verbotenen Handlungsweisen (\u00e4hnlich den 10 Geboten). Die [&hellip;]<\/p>\n","protected":false},"author":1,"featured_media":0,"parent":11,"menu_order":0,"comment_status":"closed","ping_status":"closed","template":"","meta":{"footnotes":""},"class_list":["post-183","page","type-page","status-publish","hentry"],"yoast_head":"<!-- This site is optimized with the Yoast SEO plugin v27.3 - https:\/\/yoast.com\/product\/yoast-seo-wordpress\/ -->\n<title>Kampfkunst Tugend Wu - De (\u6b66\u5fb7) - Kampfkunstschule Staufen\/ M\u00fcnstertal<\/title>\n<meta name=\"robots\" content=\"index, follow, max-snippet:-1, max-image-preview:large, max-video-preview:-1\" \/>\n<link rel=\"canonical\" href=\"https:\/\/zentrum-tcm-kampfkunst.de\/kampfkunstschule\/ueber-kampfkunst\/kampfkunst-tugend-wu-de-\u6b66\u5fb7\/\" \/>\n<meta property=\"og:locale\" content=\"de_DE\" \/>\n<meta property=\"og:type\" content=\"article\" \/>\n<meta property=\"og:title\" content=\"Kampfkunst Tugend Wu - De (\u6b66\u5fb7) - Kampfkunstschule Staufen\/ M\u00fcnstertal\" \/>\n<meta property=\"og:description\" content=\"Dieser Ehrenkodex, das &#8222;Wu De&#8220;, \u00fcbersetzt auch die &#8222;Tugenden des K\u00e4mpfers&#8220;, bestehen aus folgenden Charaktereigenschaften &#8211; sowie aus (je nach \u00dcberlieferung) ungef\u00e4hr 20 verbotenen Handlungsweisen (\u00e4hnlich den 10 Geboten). Die [&hellip;]\" \/>\n<meta property=\"og:url\" content=\"https:\/\/zentrum-tcm-kampfkunst.de\/kampfkunstschule\/ueber-kampfkunst\/kampfkunst-tugend-wu-de-\u6b66\u5fb7\/\" \/>\n<meta property=\"og:site_name\" content=\"Kampfkunstschule Staufen\/ M\u00fcnstertal\" \/>\n<meta property=\"article:publisher\" content=\"https:\/\/www.facebook.com\/dirk.kastner.7\" \/>\n<meta name=\"twitter:card\" content=\"summary_large_image\" \/>\n<meta name=\"twitter:label1\" content=\"Gesch\u00e4tzte Lesezeit\" \/>\n\t<meta name=\"twitter:data1\" content=\"1\u00a0Minute\" \/>\n<script type=\"application\/ld+json\" class=\"yoast-schema-graph\">{\"@context\":\"https:\\\/\\\/schema.org\",\"@graph\":[{\"@type\":\"WebPage\",\"@id\":\"https:\\\/\\\/zentrum-tcm-kampfkunst.de\\\/kampfkunstschule\\\/ueber-kampfkunst\\\/kampfkunst-tugend-wu-de-%e6%ad%a6%e5%be%b7\\\/\",\"url\":\"https:\\\/\\\/zentrum-tcm-kampfkunst.de\\\/kampfkunstschule\\\/ueber-kampfkunst\\\/kampfkunst-tugend-wu-de-%e6%ad%a6%e5%be%b7\\\/\",\"name\":\"Kampfkunst Tugend Wu - De (\u6b66\u5fb7) - Kampfkunstschule Staufen\\\/ M\u00fcnstertal\",\"isPartOf\":{\"@id\":\"https:\\\/\\\/zentrum-tcm-kampfkunst.de\\\/kampfkunstschule\\\/#website\"},\"datePublished\":\"2017-05-24T14:49:59+00:00\",\"breadcrumb\":{\"@id\":\"https:\\\/\\\/zentrum-tcm-kampfkunst.de\\\/kampfkunstschule\\\/ueber-kampfkunst\\\/kampfkunst-tugend-wu-de-%e6%ad%a6%e5%be%b7\\\/#breadcrumb\"},\"inLanguage\":\"de\",\"potentialAction\":[{\"@type\":\"ReadAction\",\"target\":[\"https:\\\/\\\/zentrum-tcm-kampfkunst.de\\\/kampfkunstschule\\\/ueber-kampfkunst\\\/kampfkunst-tugend-wu-de-%e6%ad%a6%e5%be%b7\\\/\"]}]},{\"@type\":\"BreadcrumbList\",\"@id\":\"https:\\\/\\\/zentrum-tcm-kampfkunst.de\\\/kampfkunstschule\\\/ueber-kampfkunst\\\/kampfkunst-tugend-wu-de-%e6%ad%a6%e5%be%b7\\\/#breadcrumb\",\"itemListElement\":[{\"@type\":\"ListItem\",\"position\":1,\"name\":\"Start\",\"item\":\"https:\\\/\\\/zentrum-tcm-kampfkunst.de\\\/kampfkunstschule\\\/\"},{\"@type\":\"ListItem\",\"position\":2,\"name\":\"\u00dcber Kampfkunst\",\"item\":\"https:\\\/\\\/zentrum-tcm-kampfkunst.de\\\/kampfkunstschule\\\/ueber-kampfkunst\\\/\"},{\"@type\":\"ListItem\",\"position\":3,\"name\":\"Kampfkunst Tugend Wu &#8211; De (\u6b66\u5fb7)\"}]},{\"@type\":\"WebSite\",\"@id\":\"https:\\\/\\\/zentrum-tcm-kampfkunst.de\\\/kampfkunstschule\\\/#website\",\"url\":\"https:\\\/\\\/zentrum-tcm-kampfkunst.de\\\/kampfkunstschule\\\/\",\"name\":\"Kampfkunstschule Staufen\\\/ M\u00fcnstertal\",\"description\":\"Zentrum f\u00fcr TCM &amp; Kampfkunst Guo-Shu\",\"potentialAction\":[{\"@type\":\"SearchAction\",\"target\":{\"@type\":\"EntryPoint\",\"urlTemplate\":\"https:\\\/\\\/zentrum-tcm-kampfkunst.de\\\/kampfkunstschule\\\/?s={search_term_string}\"},\"query-input\":{\"@type\":\"PropertyValueSpecification\",\"valueRequired\":true,\"valueName\":\"search_term_string\"}}],\"inLanguage\":\"de\"}]}<\/script>\n<!-- \/ Yoast SEO plugin. -->","yoast_head_json":{"title":"Kampfkunst Tugend Wu - De (\u6b66\u5fb7) - Kampfkunstschule Staufen\/ M\u00fcnstertal","robots":{"index":"index","follow":"follow","max-snippet":"max-snippet:-1","max-image-preview":"max-image-preview:large","max-video-preview":"max-video-preview:-1"},"canonical":"https:\/\/zentrum-tcm-kampfkunst.de\/kampfkunstschule\/ueber-kampfkunst\/kampfkunst-tugend-wu-de-\u6b66\u5fb7\/","og_locale":"de_DE","og_type":"article","og_title":"Kampfkunst Tugend Wu - De (\u6b66\u5fb7) - Kampfkunstschule Staufen\/ M\u00fcnstertal","og_description":"Dieser Ehrenkodex, das &#8222;Wu De&#8220;, \u00fcbersetzt auch die &#8222;Tugenden des K\u00e4mpfers&#8220;, bestehen aus folgenden Charaktereigenschaften &#8211; sowie aus (je nach \u00dcberlieferung) ungef\u00e4hr 20 verbotenen Handlungsweisen (\u00e4hnlich den 10 Geboten). Die [&hellip;]","og_url":"https:\/\/zentrum-tcm-kampfkunst.de\/kampfkunstschule\/ueber-kampfkunst\/kampfkunst-tugend-wu-de-\u6b66\u5fb7\/","og_site_name":"Kampfkunstschule Staufen\/ M\u00fcnstertal","article_publisher":"https:\/\/www.facebook.com\/dirk.kastner.7","twitter_card":"summary_large_image","twitter_misc":{"Gesch\u00e4tzte Lesezeit":"1\u00a0Minute"},"schema":{"@context":"https:\/\/schema.org","@graph":[{"@type":"WebPage","@id":"https:\/\/zentrum-tcm-kampfkunst.de\/kampfkunstschule\/ueber-kampfkunst\/kampfkunst-tugend-wu-de-%e6%ad%a6%e5%be%b7\/","url":"https:\/\/zentrum-tcm-kampfkunst.de\/kampfkunstschule\/ueber-kampfkunst\/kampfkunst-tugend-wu-de-%e6%ad%a6%e5%be%b7\/","name":"Kampfkunst Tugend Wu - De (\u6b66\u5fb7) - Kampfkunstschule Staufen\/ M\u00fcnstertal","isPartOf":{"@id":"https:\/\/zentrum-tcm-kampfkunst.de\/kampfkunstschule\/#website"},"datePublished":"2017-05-24T14:49:59+00:00","breadcrumb":{"@id":"https:\/\/zentrum-tcm-kampfkunst.de\/kampfkunstschule\/ueber-kampfkunst\/kampfkunst-tugend-wu-de-%e6%ad%a6%e5%be%b7\/#breadcrumb"},"inLanguage":"de","potentialAction":[{"@type":"ReadAction","target":["https:\/\/zentrum-tcm-kampfkunst.de\/kampfkunstschule\/ueber-kampfkunst\/kampfkunst-tugend-wu-de-%e6%ad%a6%e5%be%b7\/"]}]},{"@type":"BreadcrumbList","@id":"https:\/\/zentrum-tcm-kampfkunst.de\/kampfkunstschule\/ueber-kampfkunst\/kampfkunst-tugend-wu-de-%e6%ad%a6%e5%be%b7\/#breadcrumb","itemListElement":[{"@type":"ListItem","position":1,"name":"Start","item":"https:\/\/zentrum-tcm-kampfkunst.de\/kampfkunstschule\/"},{"@type":"ListItem","position":2,"name":"\u00dcber Kampfkunst","item":"https:\/\/zentrum-tcm-kampfkunst.de\/kampfkunstschule\/ueber-kampfkunst\/"},{"@type":"ListItem","position":3,"name":"Kampfkunst Tugend Wu &#8211; De (\u6b66\u5fb7)"}]},{"@type":"WebSite","@id":"https:\/\/zentrum-tcm-kampfkunst.de\/kampfkunstschule\/#website","url":"https:\/\/zentrum-tcm-kampfkunst.de\/kampfkunstschule\/","name":"Kampfkunstschule Staufen\/ M\u00fcnstertal","description":"Zentrum f\u00fcr TCM &amp; Kampfkunst Guo-Shu","potentialAction":[{"@type":"SearchAction","target":{"@type":"EntryPoint","urlTemplate":"https:\/\/zentrum-tcm-kampfkunst.de\/kampfkunstschule\/?s={search_term_string}"},"query-input":{"@type":"PropertyValueSpecification","valueRequired":true,"valueName":"search_term_string"}}],"inLanguage":"de"}]}},"_links":{"self":[{"href":"https:\/\/zentrum-tcm-kampfkunst.de\/kampfkunstschule\/wp-json\/wp\/v2\/pages\/183","targetHints":{"allow":["GET"]}}],"collection":[{"href":"https:\/\/zentrum-tcm-kampfkunst.de\/kampfkunstschule\/wp-json\/wp\/v2\/pages"}],"about":[{"href":"https:\/\/zentrum-tcm-kampfkunst.de\/kampfkunstschule\/wp-json\/wp\/v2\/types\/page"}],"author":[{"embeddable":true,"href":"https:\/\/zentrum-tcm-kampfkunst.de\/kampfkunstschule\/wp-json\/wp\/v2\/users\/1"}],"replies":[{"embeddable":true,"href":"https:\/\/zentrum-tcm-kampfkunst.de\/kampfkunstschule\/wp-json\/wp\/v2\/comments?post=183"}],"version-history":[{"count":0,"href":"https:\/\/zentrum-tcm-kampfkunst.de\/kampfkunstschule\/wp-json\/wp\/v2\/pages\/183\/revisions"}],"up":[{"embeddable":true,"href":"https:\/\/zentrum-tcm-kampfkunst.de\/kampfkunstschule\/wp-json\/wp\/v2\/pages\/11"}],"wp:attachment":[{"href":"https:\/\/zentrum-tcm-kampfkunst.de\/kampfkunstschule\/wp-json\/wp\/v2\/media?parent=183"}],"curies":[{"name":"wp","href":"https:\/\/api.w.org\/{rel}","templated":true}]}}