{"id":171,"date":"2017-05-24T14:39:31","date_gmt":"2017-05-24T14:39:31","guid":{"rendered":"https:\/\/zentrum-tcm-kampfkunst.de\/kampfkunstschule\/?page_id=171"},"modified":"2017-10-12T20:21:59","modified_gmt":"2017-10-12T18:21:59","slug":"graduierungen","status":"publish","type":"page","link":"https:\/\/zentrum-tcm-kampfkunst.de\/kampfkunstschule\/graduierungen\/","title":{"rendered":"Graduierungen"},"content":{"rendered":"<div class=\"csc-header csc-header-n1\">\n<h2 class=\"csc-firstHeader\">Graduierung Sch\u00fcler<\/h2>\n<\/div>\n<div class=\"csc-textpic csc-textpic-intext-left\">\n<div class=\"csc-textpic-text\">\n<p class=\"bodytext\"><b><img loading=\"lazy\" decoding=\"async\" class=\"alignleft wp-image-338 size-full\" src=\"https:\/\/zentrum-tcm-kampfkunst.de\/kampfkunstschule\/wp-content\/uploads\/sites\/3\/2017\/05\/gelb.png\" alt=\"\" width=\"72\" height=\"393\" srcset=\"https:\/\/zentrum-tcm-kampfkunst.de\/kampfkunstschule\/wp-content\/uploads\/sites\/3\/2017\/05\/gelb.png 72w, https:\/\/zentrum-tcm-kampfkunst.de\/kampfkunstschule\/wp-content\/uploads\/sites\/3\/2017\/05\/gelb-55x300.png 55w\" sizes=\"auto, (max-width: 72px) 100vw, 72px\" \/>-Beginner\u00a0Stufe-<\/b><br \/>\nempfohlene Trainingszeit 6 Monate<b><\/b><b><br \/>\n<\/b><\/p>\n<p class=\"bodytext\"><b>-Beginner\u00a0Stufe-\u00a0<\/b><br \/>\nempfohlene Trainingszeit nach letzter Pr\u00fcfung 6 Monate<br \/>\n<b><\/b><\/p>\n<p class=\"bodytext\"><b>-Mittelstufe-\u00a0<\/b><br \/>\nempfohlene Trainingszeit nach letzter Pr\u00fcfung 9-12\u00a0Monate &#8211; Theoriepr\u00fcfung<br \/>\n<b><\/b><\/p>\n<p class=\"bodytext\"><b>-Mittelstufe &#8211; <\/b><br \/>\nempfohlene Trainingszeit nach letzter Pr\u00fcfung 6\u00a0Monate &#8211; Theoriepr\u00fcfung<br \/>\n<b><br \/>\n<\/b><b>-Oberstufe-<br \/>\n<\/b>empfohlene Trainingszeit nach letzter Pr\u00fcfung 9-12 Monate &#8211; Theoriepr\u00fcfung<br \/>\nMindestalter: 12 Jahre (Ausnahmen im Einzelfall sind m\u00f6glich)<\/p>\n<p class=\"bodytext\"><b>-Oberstufe- <\/b><br \/>\nempfohlene Trainingszeit nach letzter Pr\u00fcfung 9-12 Monate &#8211; Theoriepr\u00fcfung<br \/>\nMindestalter: 16 Jahre (Ausnahmen im Einzelfall sind m\u00f6glich)<\/p>\n<\/div>\n<div class=\"csc-textpic-text\">Die angegebenen Trainings- bzw. Wartezeiten sind allgemeine Empfehlungen und k\u00f6nnen abh\u00e4ngig von Alter, Reife und technischer Entwicklung verk\u00fcrzt oder verl\u00e4ngert werden.<\/div>\n<\/div>\n<div class=\"csc-header csc-header-n2\">\n<h2>Kennzeichnung<\/h2>\n<\/div>\n<div class=\"csc-textpic csc-textpic-intext-left\">\n<div class=\"csc-textpic-text\">\n<p class=\"bodytext\"><img loading=\"lazy\" decoding=\"async\" class=\"size-medium wp-image-339 alignleft\" src=\"https:\/\/zentrum-tcm-kampfkunst.de\/kampfkunstschule\/wp-content\/uploads\/sites\/3\/2017\/05\/kennzeichnung-300x183.jpg\" alt=\"\" width=\"300\" height=\"183\" \/>Die Sch\u00fcler, die zus\u00e4tzliche Disziplinen wie\u00a0<a href=\"https:\/\/zentrum-tcm-kampfkunst.de\/kampfkunstschule\/unser-system\/chinese-swordsmanship\/\">Chinese Swordsmanship<\/a> (gelbes Banner),\u00a0<a href=\"https:\/\/zentrum-tcm-kampfkunst.de\/kampfkunstschule\/unser-system\/chinese-archery\/\">Chinese Archery<\/a> (blaues Banner), <a href=\"https:\/\/zentrum-tcm-kampfkunst.de\/kampfkunstschule\/unser-system\/loewentanz\/\">L\u00f6wentanz<\/a>\u00a0bzw. auch mehrere Disziplinen\u00a0praktizieren, tragen folgende Kennzeichnung auf dem\u00a0T-Shirt bzw. Kung Fu Anzug in abgebildeter Platzierung. Mit Maus-Klick Abbildung vergr\u00f6\u00dfern.<\/p>\n<\/div>\n<\/div>\n<div class=\"csc-header csc-header-n3\">\n<h2>DAN\/TOAN &#8211; Meister-Grad<\/h2>\n<\/div>\n<div class=\"csc-textpic-text\">\n<p class=\"bodytext\">Die Pr\u00fcfung und Vergabe dieser Grade geschieht in Anlehnung des 1998 vorgestellten\u00a0Pr\u00fcfungssystems der Chinese Wushu Association, der Nationalen Sportkommission und dem Chinesischen Wushu-Forschungsinstitut.\u00a0Dieses\u00a0Pr\u00fcfungssystem besteht aus folgenden neun\u00a0Dan-Stufen\u00a0(<i>duan we<\/i>),\u00a0dem ein Tiersymbol einer bestimmten Farbe zugeordnet ist. Aus Respekt vor den verstorbenen Meistern, ist die Vergabe des 10. DAN nicht vorgesehen.<\/p>\n<\/div>\n<div class=\"csc-textpic csc-textpic-right csc-textpic-below\">\n<div class=\"csc-textpic-text\">\n<p class=\"bodytext\"><b>Grundstufen-DAN (1.-3. DAN, blauer, wei\u00dfer und goldener Adler)<\/b><img loading=\"lazy\" decoding=\"async\" class=\"size-full wp-image-340 alignright\" src=\"https:\/\/zentrum-tcm-kampfkunst.de\/kampfkunstschule\/wp-content\/uploads\/sites\/3\/2017\/05\/grundstufen1bis3.jpg\" alt=\"\" width=\"200\" height=\"62\" \/><br \/>\nsind f\u00fcr Kampfkunst-Sch\u00fcler mit mehrj\u00e4hriger Erfahrung.<\/p>\n<\/div>\n<\/div>\n<div class=\"csc-textpic csc-textpic-right csc-textpic-below\">\n<div class=\"csc-textpic-text\">\n<p class=\"bodytext\"><b>Mittelstufen-DAN\u00a0(oder Leistungsstufen-DAN) (4.-6. DAN, blauer, wei\u00dfer und goldener Tiger)<\/b>,<img loading=\"lazy\" decoding=\"async\" class=\"size-full wp-image-341 alignright\" src=\"https:\/\/zentrum-tcm-kampfkunst.de\/kampfkunstschule\/wp-content\/uploads\/sites\/3\/2017\/05\/leistungsstufen4bis6.jpg\" alt=\"\" width=\"200\" height=\"62\" \/><br \/>\nsind f\u00fcr Kampfkunst-Praktizierende, die bereits unterrichten d\u00fcrfen und mindestens 10 Jahre lang regelm\u00e4\u00dfig Kampfkunst\u00a0gelernt haben. Ab dem 5. DAN finden keine technischen Pr\u00fcfungen mehr statt. Es\u00a0muss der wissenschaftliche Einsatz auf dem Gebiet der Kampfkunst-Forschung nachgewiesen werden, z.B. durch Ver\u00f6ffentlichungen.<\/p>\n<\/div>\n<\/div>\n<div class=\"csc-textpic csc-textpic-right csc-textpic-below\">\n<div class=\"csc-textpic-text\">\n<p class=\"bodytext\"><b>Oberstufen-DAN\u00a0(7.-9. Dan, blauer, wei\u00dfer und goldener Drache)<\/b>,<img loading=\"lazy\" decoding=\"async\" class=\"size-full wp-image-342 alignright\" src=\"https:\/\/zentrum-tcm-kampfkunst.de\/kampfkunstschule\/wp-content\/uploads\/sites\/3\/2017\/05\/oberstufen7bis9.jpg\" alt=\"\" width=\"200\" height=\"62\" \/><br \/>\nwerden nur an sehr erfahrene Lehrer bzw. Meister mit \u00fcberdurchschnittlichen Leistungen vergeben. Ab dem 7. DAN\u00a0darf sich der Lehrende \u201eGro\u00dfmeister\u201c nennen.<\/p>\n<\/div>\n<\/div>\n<div class=\"csc-header csc-header-n7\">\n<h2>Urkunden und Siegel<br \/>\n<a href=\"https:\/\/zentrum-tcm-kampfkunst.de\/kampfkunstschule\/wp-content\/uploads\/sites\/3\/2017\/05\/grad_kungfu_guoshu.jpg\" target=\"_blank\" rel=\"noopener\"><img loading=\"lazy\" decoding=\"async\" class=\"alignnone wp-image-343 size-thumbnail\" src=\"https:\/\/zentrum-tcm-kampfkunst.de\/kampfkunstschule\/wp-content\/uploads\/sites\/3\/2017\/05\/grad_kungfu_guoshu-150x150.jpg\" alt=\"\" width=\"150\" height=\"150\" \/><\/a> <a href=\"https:\/\/zentrum-tcm-kampfkunst.de\/kampfkunstschule\/wp-content\/uploads\/sites\/3\/2017\/05\/grad_sanda_guoshu.jpg\" target=\"_blank\" rel=\"noopener\"><img loading=\"lazy\" decoding=\"async\" class=\"alignnone wp-image-344\" src=\"https:\/\/zentrum-tcm-kampfkunst.de\/kampfkunstschule\/wp-content\/uploads\/sites\/3\/2017\/05\/grad_sanda_guoshu-150x150.jpg\" alt=\"\" width=\"141\" height=\"200\" srcset=\"https:\/\/zentrum-tcm-kampfkunst.de\/kampfkunstschule\/wp-content\/uploads\/sites\/3\/2017\/05\/grad_sanda_guoshu-212x300.jpg 212w, https:\/\/zentrum-tcm-kampfkunst.de\/kampfkunstschule\/wp-content\/uploads\/sites\/3\/2017\/05\/grad_sanda_guoshu.jpg 424w\" sizes=\"auto, (max-width: 141px) 100vw, 141px\" \/><\/a> <a href=\"https:\/\/zentrum-tcm-kampfkunst.de\/kampfkunstschule\/wp-content\/uploads\/sites\/3\/2017\/05\/DAN_Guoshu.jpg\" target=\"_blank\" rel=\"noopener\"><img loading=\"lazy\" decoding=\"async\" class=\"alignnone wp-image-345\" src=\"https:\/\/zentrum-tcm-kampfkunst.de\/kampfkunstschule\/wp-content\/uploads\/sites\/3\/2017\/05\/DAN_Guoshu-150x150.jpg\" alt=\"\" width=\"283\" height=\"200\" srcset=\"https:\/\/zentrum-tcm-kampfkunst.de\/kampfkunstschule\/wp-content\/uploads\/sites\/3\/2017\/05\/DAN_Guoshu-300x212.jpg 300w, https:\/\/zentrum-tcm-kampfkunst.de\/kampfkunstschule\/wp-content\/uploads\/sites\/3\/2017\/05\/DAN_Guoshu.jpg 600w\" sizes=\"auto, (max-width: 283px) 100vw, 283px\" \/><\/a> <a href=\"https:\/\/zentrum-tcm-kampfkunst.de\/kampfkunstschule\/wp-content\/uploads\/sites\/3\/2017\/05\/Siegel_KKS_Web.png\" target=\"_blank\" rel=\"noopener\"><img loading=\"lazy\" decoding=\"async\" class=\"alignnone wp-image-346\" src=\"https:\/\/zentrum-tcm-kampfkunst.de\/kampfkunstschule\/wp-content\/uploads\/sites\/3\/2017\/05\/Siegel_KKS_Web-297x300.png\" alt=\"\" width=\"200\" height=\"202\" srcset=\"https:\/\/zentrum-tcm-kampfkunst.de\/kampfkunstschule\/wp-content\/uploads\/sites\/3\/2017\/05\/Siegel_KKS_Web-297x300.png 297w, https:\/\/zentrum-tcm-kampfkunst.de\/kampfkunstschule\/wp-content\/uploads\/sites\/3\/2017\/05\/Siegel_KKS_Web.png 444w\" sizes=\"auto, (max-width: 200px) 100vw, 200px\" \/><\/a> <a href=\"https:\/\/zentrum-tcm-kampfkunst.de\/kampfkunstschule\/wp-content\/uploads\/sites\/3\/2017\/05\/Siegel_Sijo_web.png\" target=\"_blank\" rel=\"noopener\"><img loading=\"lazy\" decoding=\"async\" class=\"alignnone wp-image-347\" src=\"https:\/\/zentrum-tcm-kampfkunst.de\/kampfkunstschule\/wp-content\/uploads\/sites\/3\/2017\/05\/Siegel_Sijo_web-295x300.png\" alt=\"\" width=\"200\" height=\"203\" srcset=\"https:\/\/zentrum-tcm-kampfkunst.de\/kampfkunstschule\/wp-content\/uploads\/sites\/3\/2017\/05\/Siegel_Sijo_web-295x300.png 295w, https:\/\/zentrum-tcm-kampfkunst.de\/kampfkunstschule\/wp-content\/uploads\/sites\/3\/2017\/05\/Siegel_Sijo_web.png 308w\" sizes=\"auto, (max-width: 200px) 100vw, 200px\" \/><\/a> <a href=\"https:\/\/zentrum-tcm-kampfkunst.de\/kampfkunstschule\/wp-content\/uploads\/sites\/3\/2017\/05\/sicherheitssiegel_web.png\" target=\"_blank\" rel=\"noopener\"><img loading=\"lazy\" decoding=\"async\" class=\"alignnone wp-image-348 size-medium\" src=\"https:\/\/zentrum-tcm-kampfkunst.de\/kampfkunstschule\/wp-content\/uploads\/sites\/3\/2017\/05\/sicherheitssiegel_web-93x300.png\" alt=\"\" width=\"93\" height=\"300\" srcset=\"https:\/\/zentrum-tcm-kampfkunst.de\/kampfkunstschule\/wp-content\/uploads\/sites\/3\/2017\/05\/sicherheitssiegel_web-93x300.png 93w, https:\/\/zentrum-tcm-kampfkunst.de\/kampfkunstschule\/wp-content\/uploads\/sites\/3\/2017\/05\/sicherheitssiegel_web-318x1024.png 318w, https:\/\/zentrum-tcm-kampfkunst.de\/kampfkunstschule\/wp-content\/uploads\/sites\/3\/2017\/05\/sicherheitssiegel_web.png 388w\" sizes=\"auto, (max-width: 93px) 100vw, 93px\" \/><\/a><\/h2>\n<\/div>\n","protected":false},"excerpt":{"rendered":"<p>Graduierung Sch\u00fcler -Beginner\u00a0Stufe- empfohlene Trainingszeit 6 Monate -Beginner\u00a0Stufe-\u00a0 empfohlene Trainingszeit nach letzter Pr\u00fcfung 6 Monate -Mittelstufe-\u00a0 empfohlene Trainingszeit nach letzter Pr\u00fcfung 9-12\u00a0Monate &#8211; Theoriepr\u00fcfung -Mittelstufe &#8211; empfohlene Trainingszeit nach letzter [&hellip;]<\/p>\n","protected":false},"author":1,"featured_media":0,"parent":0,"menu_order":0,"comment_status":"closed","ping_status":"closed","template":"","meta":{"footnotes":""},"class_list":["post-171","page","type-page","status-publish","hentry"],"yoast_head":"<!-- This site is optimized with the Yoast SEO plugin v27.3 - https:\/\/yoast.com\/product\/yoast-seo-wordpress\/ -->\n<title>Graduierungen - Kampfkunstschule Staufen\/ M\u00fcnstertal<\/title>\n<meta name=\"robots\" content=\"index, follow, max-snippet:-1, max-image-preview:large, max-video-preview:-1\" \/>\n<link rel=\"canonical\" href=\"https:\/\/zentrum-tcm-kampfkunst.de\/kampfkunstschule\/graduierungen\/\" \/>\n<meta property=\"og:locale\" content=\"de_DE\" \/>\n<meta property=\"og:type\" content=\"article\" \/>\n<meta property=\"og:title\" content=\"Graduierungen - Kampfkunstschule Staufen\/ M\u00fcnstertal\" \/>\n<meta property=\"og:description\" content=\"Graduierung Sch\u00fcler -Beginner\u00a0Stufe- empfohlene Trainingszeit 6 Monate -Beginner\u00a0Stufe-\u00a0 empfohlene Trainingszeit nach letzter Pr\u00fcfung 6 Monate -Mittelstufe-\u00a0 empfohlene Trainingszeit nach letzter Pr\u00fcfung 9-12\u00a0Monate &#8211; Theoriepr\u00fcfung -Mittelstufe &#8211; empfohlene Trainingszeit nach letzter [&hellip;]\" \/>\n<meta property=\"og:url\" content=\"https:\/\/zentrum-tcm-kampfkunst.de\/kampfkunstschule\/graduierungen\/\" \/>\n<meta property=\"og:site_name\" content=\"Kampfkunstschule Staufen\/ M\u00fcnstertal\" \/>\n<meta property=\"article:publisher\" content=\"https:\/\/www.facebook.com\/dirk.kastner.7\" \/>\n<meta property=\"article:modified_time\" content=\"2017-10-12T18:21:59+00:00\" \/>\n<meta property=\"og:image\" content=\"https:\/\/zentrum-tcm-kampfkunst.de\/kampfkunstschule\/wp-content\/uploads\/sites\/3\/2017\/05\/gelb.png\" \/>\n<meta name=\"twitter:card\" content=\"summary_large_image\" \/>\n<meta name=\"twitter:label1\" content=\"Gesch\u00e4tzte Lesezeit\" \/>\n\t<meta name=\"twitter:data1\" content=\"2\u00a0Minuten\" \/>\n<script type=\"application\/ld+json\" class=\"yoast-schema-graph\">{\"@context\":\"https:\\\/\\\/schema.org\",\"@graph\":[{\"@type\":\"WebPage\",\"@id\":\"https:\\\/\\\/zentrum-tcm-kampfkunst.de\\\/kampfkunstschule\\\/graduierungen\\\/\",\"url\":\"https:\\\/\\\/zentrum-tcm-kampfkunst.de\\\/kampfkunstschule\\\/graduierungen\\\/\",\"name\":\"Graduierungen - Kampfkunstschule Staufen\\\/ M\u00fcnstertal\",\"isPartOf\":{\"@id\":\"https:\\\/\\\/zentrum-tcm-kampfkunst.de\\\/kampfkunstschule\\\/#website\"},\"primaryImageOfPage\":{\"@id\":\"https:\\\/\\\/zentrum-tcm-kampfkunst.de\\\/kampfkunstschule\\\/graduierungen\\\/#primaryimage\"},\"image\":{\"@id\":\"https:\\\/\\\/zentrum-tcm-kampfkunst.de\\\/kampfkunstschule\\\/graduierungen\\\/#primaryimage\"},\"thumbnailUrl\":\"https:\\\/\\\/zentrum-tcm-kampfkunst.de\\\/kampfkunstschule\\\/wp-content\\\/uploads\\\/sites\\\/3\\\/2017\\\/05\\\/gelb.png\",\"datePublished\":\"2017-05-24T14:39:31+00:00\",\"dateModified\":\"2017-10-12T18:21:59+00:00\",\"breadcrumb\":{\"@id\":\"https:\\\/\\\/zentrum-tcm-kampfkunst.de\\\/kampfkunstschule\\\/graduierungen\\\/#breadcrumb\"},\"inLanguage\":\"de\",\"potentialAction\":[{\"@type\":\"ReadAction\",\"target\":[\"https:\\\/\\\/zentrum-tcm-kampfkunst.de\\\/kampfkunstschule\\\/graduierungen\\\/\"]}]},{\"@type\":\"ImageObject\",\"inLanguage\":\"de\",\"@id\":\"https:\\\/\\\/zentrum-tcm-kampfkunst.de\\\/kampfkunstschule\\\/graduierungen\\\/#primaryimage\",\"url\":\"https:\\\/\\\/zentrum-tcm-kampfkunst.de\\\/kampfkunstschule\\\/wp-content\\\/uploads\\\/sites\\\/3\\\/2017\\\/05\\\/gelb.png\",\"contentUrl\":\"https:\\\/\\\/zentrum-tcm-kampfkunst.de\\\/kampfkunstschule\\\/wp-content\\\/uploads\\\/sites\\\/3\\\/2017\\\/05\\\/gelb.png\",\"width\":72,\"height\":393},{\"@type\":\"BreadcrumbList\",\"@id\":\"https:\\\/\\\/zentrum-tcm-kampfkunst.de\\\/kampfkunstschule\\\/graduierungen\\\/#breadcrumb\",\"itemListElement\":[{\"@type\":\"ListItem\",\"position\":1,\"name\":\"Start\",\"item\":\"https:\\\/\\\/zentrum-tcm-kampfkunst.de\\\/kampfkunstschule\\\/\"},{\"@type\":\"ListItem\",\"position\":2,\"name\":\"Graduierungen\"}]},{\"@type\":\"WebSite\",\"@id\":\"https:\\\/\\\/zentrum-tcm-kampfkunst.de\\\/kampfkunstschule\\\/#website\",\"url\":\"https:\\\/\\\/zentrum-tcm-kampfkunst.de\\\/kampfkunstschule\\\/\",\"name\":\"Kampfkunstschule Staufen\\\/ M\u00fcnstertal\",\"description\":\"Zentrum f\u00fcr TCM &amp; Kampfkunst Guo-Shu\",\"potentialAction\":[{\"@type\":\"SearchAction\",\"target\":{\"@type\":\"EntryPoint\",\"urlTemplate\":\"https:\\\/\\\/zentrum-tcm-kampfkunst.de\\\/kampfkunstschule\\\/?s={search_term_string}\"},\"query-input\":{\"@type\":\"PropertyValueSpecification\",\"valueRequired\":true,\"valueName\":\"search_term_string\"}}],\"inLanguage\":\"de\"}]}<\/script>\n<!-- \/ Yoast SEO plugin. -->","yoast_head_json":{"title":"Graduierungen - Kampfkunstschule Staufen\/ M\u00fcnstertal","robots":{"index":"index","follow":"follow","max-snippet":"max-snippet:-1","max-image-preview":"max-image-preview:large","max-video-preview":"max-video-preview:-1"},"canonical":"https:\/\/zentrum-tcm-kampfkunst.de\/kampfkunstschule\/graduierungen\/","og_locale":"de_DE","og_type":"article","og_title":"Graduierungen - Kampfkunstschule Staufen\/ M\u00fcnstertal","og_description":"Graduierung Sch\u00fcler -Beginner\u00a0Stufe- empfohlene Trainingszeit 6 Monate -Beginner\u00a0Stufe-\u00a0 empfohlene Trainingszeit nach letzter Pr\u00fcfung 6 Monate -Mittelstufe-\u00a0 empfohlene Trainingszeit nach letzter Pr\u00fcfung 9-12\u00a0Monate &#8211; Theoriepr\u00fcfung -Mittelstufe &#8211; empfohlene Trainingszeit nach letzter [&hellip;]","og_url":"https:\/\/zentrum-tcm-kampfkunst.de\/kampfkunstschule\/graduierungen\/","og_site_name":"Kampfkunstschule Staufen\/ M\u00fcnstertal","article_publisher":"https:\/\/www.facebook.com\/dirk.kastner.7","article_modified_time":"2017-10-12T18:21:59+00:00","og_image":[{"url":"https:\/\/zentrum-tcm-kampfkunst.de\/kampfkunstschule\/wp-content\/uploads\/sites\/3\/2017\/05\/gelb.png","type":"","width":"","height":""}],"twitter_card":"summary_large_image","twitter_misc":{"Gesch\u00e4tzte Lesezeit":"2\u00a0Minuten"},"schema":{"@context":"https:\/\/schema.org","@graph":[{"@type":"WebPage","@id":"https:\/\/zentrum-tcm-kampfkunst.de\/kampfkunstschule\/graduierungen\/","url":"https:\/\/zentrum-tcm-kampfkunst.de\/kampfkunstschule\/graduierungen\/","name":"Graduierungen - Kampfkunstschule Staufen\/ M\u00fcnstertal","isPartOf":{"@id":"https:\/\/zentrum-tcm-kampfkunst.de\/kampfkunstschule\/#website"},"primaryImageOfPage":{"@id":"https:\/\/zentrum-tcm-kampfkunst.de\/kampfkunstschule\/graduierungen\/#primaryimage"},"image":{"@id":"https:\/\/zentrum-tcm-kampfkunst.de\/kampfkunstschule\/graduierungen\/#primaryimage"},"thumbnailUrl":"https:\/\/zentrum-tcm-kampfkunst.de\/kampfkunstschule\/wp-content\/uploads\/sites\/3\/2017\/05\/gelb.png","datePublished":"2017-05-24T14:39:31+00:00","dateModified":"2017-10-12T18:21:59+00:00","breadcrumb":{"@id":"https:\/\/zentrum-tcm-kampfkunst.de\/kampfkunstschule\/graduierungen\/#breadcrumb"},"inLanguage":"de","potentialAction":[{"@type":"ReadAction","target":["https:\/\/zentrum-tcm-kampfkunst.de\/kampfkunstschule\/graduierungen\/"]}]},{"@type":"ImageObject","inLanguage":"de","@id":"https:\/\/zentrum-tcm-kampfkunst.de\/kampfkunstschule\/graduierungen\/#primaryimage","url":"https:\/\/zentrum-tcm-kampfkunst.de\/kampfkunstschule\/wp-content\/uploads\/sites\/3\/2017\/05\/gelb.png","contentUrl":"https:\/\/zentrum-tcm-kampfkunst.de\/kampfkunstschule\/wp-content\/uploads\/sites\/3\/2017\/05\/gelb.png","width":72,"height":393},{"@type":"BreadcrumbList","@id":"https:\/\/zentrum-tcm-kampfkunst.de\/kampfkunstschule\/graduierungen\/#breadcrumb","itemListElement":[{"@type":"ListItem","position":1,"name":"Start","item":"https:\/\/zentrum-tcm-kampfkunst.de\/kampfkunstschule\/"},{"@type":"ListItem","position":2,"name":"Graduierungen"}]},{"@type":"WebSite","@id":"https:\/\/zentrum-tcm-kampfkunst.de\/kampfkunstschule\/#website","url":"https:\/\/zentrum-tcm-kampfkunst.de\/kampfkunstschule\/","name":"Kampfkunstschule Staufen\/ M\u00fcnstertal","description":"Zentrum f\u00fcr TCM &amp; Kampfkunst Guo-Shu","potentialAction":[{"@type":"SearchAction","target":{"@type":"EntryPoint","urlTemplate":"https:\/\/zentrum-tcm-kampfkunst.de\/kampfkunstschule\/?s={search_term_string}"},"query-input":{"@type":"PropertyValueSpecification","valueRequired":true,"valueName":"search_term_string"}}],"inLanguage":"de"}]}},"_links":{"self":[{"href":"https:\/\/zentrum-tcm-kampfkunst.de\/kampfkunstschule\/wp-json\/wp\/v2\/pages\/171","targetHints":{"allow":["GET"]}}],"collection":[{"href":"https:\/\/zentrum-tcm-kampfkunst.de\/kampfkunstschule\/wp-json\/wp\/v2\/pages"}],"about":[{"href":"https:\/\/zentrum-tcm-kampfkunst.de\/kampfkunstschule\/wp-json\/wp\/v2\/types\/page"}],"author":[{"embeddable":true,"href":"https:\/\/zentrum-tcm-kampfkunst.de\/kampfkunstschule\/wp-json\/wp\/v2\/users\/1"}],"replies":[{"embeddable":true,"href":"https:\/\/zentrum-tcm-kampfkunst.de\/kampfkunstschule\/wp-json\/wp\/v2\/comments?post=171"}],"version-history":[{"count":4,"href":"https:\/\/zentrum-tcm-kampfkunst.de\/kampfkunstschule\/wp-json\/wp\/v2\/pages\/171\/revisions"}],"predecessor-version":[{"id":535,"href":"https:\/\/zentrum-tcm-kampfkunst.de\/kampfkunstschule\/wp-json\/wp\/v2\/pages\/171\/revisions\/535"}],"wp:attachment":[{"href":"https:\/\/zentrum-tcm-kampfkunst.de\/kampfkunstschule\/wp-json\/wp\/v2\/media?parent=171"}],"curies":[{"name":"wp","href":"https:\/\/api.w.org\/{rel}","templated":true}]}}