{"id":146,"date":"2017-05-23T14:50:40","date_gmt":"2017-05-23T14:50:40","guid":{"rendered":"https:\/\/zentrum-tcm-kampfkunst.de\/kampfkunstschule\/?page_id=146"},"modified":"2017-07-13T12:48:39","modified_gmt":"2017-07-13T10:48:39","slug":"kampfkunst-als-gewaltpraevention","status":"publish","type":"page","link":"https:\/\/zentrum-tcm-kampfkunst.de\/kampfkunstschule\/ueber-kampfkunst\/kampfkunst-als-gewaltpraevention\/","title":{"rendered":"Kampfkunst als Gewaltpr\u00e4vention"},"content":{"rendered":"<p class=\"bodytext\">Gewalt ist f\u00fcr Kinder, Jugendliche und Erwachsene durch die Situation auf der Stra\u00dfe, dem Schulhof, den virtuellen Medien oder eventuell in der eigenen Familie eine t\u00e4gliche Erfahrung. Eine Folge ist, dass das Gef\u00fchl daf\u00fcr verloren geht, wann Gewalt beginnt und wo deren Grenzen sind.<\/p>\n<p>In den Polizeistatistiken des Bundeskriminalamtes wurde festgestellt, dass Jugendliche ab dem 16. Lebensjahr und Heranwachsende bei Gewaltkriminalit\u00e4t \u00fcberrepr\u00e4sentiert sind. Das m\u00e4nnliche Geschlecht ist dabei h\u00e4ufiger als das weibliche Geschlecht vertreten. Beim weiblichen Geschlecht ist im Vergleich sogar ein Anstieg zu verzeichnen. Die Zahlen belegen einen kontinuierlichen Anstieg der Delikte in den letzten Jahren.<\/p>\n<p><b><span class=\"important\">Im Kampfkunstunterricht werden klare Regeln vorgegeben und die Erfahrung vermittelt, welche Wirkung Aggressionen haben k\u00f6nnen<\/span>.<\/b><\/p>\n<p class=\"bodytext\">Mehr noch &#8211; das \u00dcben, sich selbst verteidigen zu k\u00f6nnen und die Arbeit an der eigenen Bewegung, hilft dem Sch\u00fcler, einen nat\u00fcrlichen Reflex f\u00fcr den eigenen Schutz zu entwickeln. Dieser Reflex ist oft verzerrt und gest\u00f6rt, als sei es ein Makel, sich selbst zu lieben.<\/p>\n<p>Dadurch, dass der Lehrer darauf insistiert, dass der Sch\u00fcler lernt, f\u00fcr sich einzustehen, wird die nat\u00fcrliche Selbstliebe angestossen und vielleicht manchmal provozierend angeregt.<\/p>\n<p class=\"bodytext\"><b><span class=\"important\">&#8222;Westlicher Kampfsport (Boxen, Ringen usw.) und fern\u00f6stliche Kampf-KUNST sind zwei v\u00f6llig gegens\u00e4tzliche Dinge: Im Kampf- &#8222;Sport&#8220; z\u00e4hlt der Sieg \u00fcber einen Gegner, in der Kampf- &#8222;Kunst&#8220; nur der Sieg \u00fcber sich selbst<\/span>.<\/b><\/p>\n<p class=\"bodytext\">Seit eh und je stehen die \u00dcbungen der Kampfk\u00fcnste im Dienste der Weiterentwicklung des Menschen, seines Charakters, der reifen Pers\u00f6nlichkeit (die die Meisterschaft der Kampfkunst definiert) durch systematische Arbeit am ganzen Selbst zwecks Erlangung von k\u00f6rperlicher und geistiger Selbstbeherrschung.<\/p>\n<p class=\"bodytext\"><span class=\"important\"><b>Der Kampf, d.h. das Verstehen der Ursachen von Aggressivit\u00e4t und Gewalt durch Selbsterfahrung im eigenen Erleben sowie jede Bewegung und Technik der Kampfkunst werden zum Vehikel der Selbst-Erziehung zum &#8222;guten&#8220; Menschen. Traditionelle Kampfkunst will also keinen erfolgreichen WettK\u00e4mpfer, sondern &#8222;Friedvolle Krieger&#8220; hervorbringen und ist somit der Weg, K\u00e4mpfen zu lernen, um nicht mehr K\u00e4mpfen zu m\u00fcssen.<\/b><\/span><\/p>\n<p class=\"bodytext\">Weil in der Kampfkunst der Kampf letztlich transzendiert, also Aggressivit\u00e4t und Gewalt systematisch \u00fcberwunden wird, ist Kampfkunst eine sich geradezu logischerweise aufdr\u00e4ngende Alternativmethode p\u00e4dagogischer Gewaltpr\u00e4vention und -reduktion.<\/p>\n<p class=\"bodytext\"><b><span class=\"important\">Kampfkunst hat nicht nur in der Heimerziehung, im Strafvollzug und der station\u00e4ren Drogentherapie verst\u00e4rkt Einzug gehalten. Inzwischen werden sogar aus dem Bereich der Psychiatrie positive Ergebnisse verzeichnet.&#8220; <\/span><\/b><\/p>\n<p class=\"bodytext\"><b>Dr. Wolters <a href=\"http:\/\/www.budo-paedagogik.de\/\" target=\"_blank\" rel=\"noopener noreferrer\">www.budo-paedagogik.de<\/a><\/b><\/p>\n","protected":false},"excerpt":{"rendered":"<p>Gewalt ist f\u00fcr Kinder, Jugendliche und Erwachsene durch die Situation auf der Stra\u00dfe, dem Schulhof, den virtuellen Medien oder eventuell in der eigenen Familie eine t\u00e4gliche Erfahrung. Eine Folge ist, [&hellip;]<\/p>\n","protected":false},"author":1,"featured_media":0,"parent":11,"menu_order":0,"comment_status":"closed","ping_status":"closed","template":"","meta":{"footnotes":""},"class_list":["post-146","page","type-page","status-publish","hentry"],"yoast_head":"<!-- This site is optimized with the Yoast SEO plugin v27.3 - https:\/\/yoast.com\/product\/yoast-seo-wordpress\/ -->\n<title>Kampfkunst als Gewaltpr\u00e4vention - Kampfkunstschule Staufen\/ M\u00fcnstertal<\/title>\n<meta name=\"robots\" content=\"index, follow, max-snippet:-1, max-image-preview:large, max-video-preview:-1\" \/>\n<link rel=\"canonical\" href=\"https:\/\/zentrum-tcm-kampfkunst.de\/kampfkunstschule\/ueber-kampfkunst\/kampfkunst-als-gewaltpraevention\/\" \/>\n<meta property=\"og:locale\" content=\"de_DE\" \/>\n<meta property=\"og:type\" content=\"article\" \/>\n<meta property=\"og:title\" content=\"Kampfkunst als Gewaltpr\u00e4vention - Kampfkunstschule Staufen\/ M\u00fcnstertal\" \/>\n<meta property=\"og:description\" content=\"Gewalt ist f\u00fcr Kinder, Jugendliche und Erwachsene durch die Situation auf der Stra\u00dfe, dem Schulhof, den virtuellen Medien oder eventuell in der eigenen Familie eine t\u00e4gliche Erfahrung. Eine Folge ist, [&hellip;]\" \/>\n<meta property=\"og:url\" content=\"https:\/\/zentrum-tcm-kampfkunst.de\/kampfkunstschule\/ueber-kampfkunst\/kampfkunst-als-gewaltpraevention\/\" \/>\n<meta property=\"og:site_name\" content=\"Kampfkunstschule Staufen\/ M\u00fcnstertal\" \/>\n<meta property=\"article:publisher\" content=\"https:\/\/www.facebook.com\/dirk.kastner.7\" \/>\n<meta property=\"article:modified_time\" content=\"2017-07-13T10:48:39+00:00\" \/>\n<meta name=\"twitter:card\" content=\"summary_large_image\" \/>\n<meta name=\"twitter:label1\" content=\"Gesch\u00e4tzte Lesezeit\" \/>\n\t<meta name=\"twitter:data1\" content=\"2\u00a0Minuten\" \/>\n<script type=\"application\/ld+json\" class=\"yoast-schema-graph\">{\"@context\":\"https:\\\/\\\/schema.org\",\"@graph\":[{\"@type\":\"WebPage\",\"@id\":\"https:\\\/\\\/zentrum-tcm-kampfkunst.de\\\/kampfkunstschule\\\/ueber-kampfkunst\\\/kampfkunst-als-gewaltpraevention\\\/\",\"url\":\"https:\\\/\\\/zentrum-tcm-kampfkunst.de\\\/kampfkunstschule\\\/ueber-kampfkunst\\\/kampfkunst-als-gewaltpraevention\\\/\",\"name\":\"Kampfkunst als Gewaltpr\u00e4vention - Kampfkunstschule Staufen\\\/ M\u00fcnstertal\",\"isPartOf\":{\"@id\":\"https:\\\/\\\/zentrum-tcm-kampfkunst.de\\\/kampfkunstschule\\\/#website\"},\"datePublished\":\"2017-05-23T14:50:40+00:00\",\"dateModified\":\"2017-07-13T10:48:39+00:00\",\"breadcrumb\":{\"@id\":\"https:\\\/\\\/zentrum-tcm-kampfkunst.de\\\/kampfkunstschule\\\/ueber-kampfkunst\\\/kampfkunst-als-gewaltpraevention\\\/#breadcrumb\"},\"inLanguage\":\"de\",\"potentialAction\":[{\"@type\":\"ReadAction\",\"target\":[\"https:\\\/\\\/zentrum-tcm-kampfkunst.de\\\/kampfkunstschule\\\/ueber-kampfkunst\\\/kampfkunst-als-gewaltpraevention\\\/\"]}]},{\"@type\":\"BreadcrumbList\",\"@id\":\"https:\\\/\\\/zentrum-tcm-kampfkunst.de\\\/kampfkunstschule\\\/ueber-kampfkunst\\\/kampfkunst-als-gewaltpraevention\\\/#breadcrumb\",\"itemListElement\":[{\"@type\":\"ListItem\",\"position\":1,\"name\":\"Start\",\"item\":\"https:\\\/\\\/zentrum-tcm-kampfkunst.de\\\/kampfkunstschule\\\/\"},{\"@type\":\"ListItem\",\"position\":2,\"name\":\"\u00dcber Kampfkunst\",\"item\":\"https:\\\/\\\/zentrum-tcm-kampfkunst.de\\\/kampfkunstschule\\\/ueber-kampfkunst\\\/\"},{\"@type\":\"ListItem\",\"position\":3,\"name\":\"Kampfkunst als Gewaltpr\u00e4vention\"}]},{\"@type\":\"WebSite\",\"@id\":\"https:\\\/\\\/zentrum-tcm-kampfkunst.de\\\/kampfkunstschule\\\/#website\",\"url\":\"https:\\\/\\\/zentrum-tcm-kampfkunst.de\\\/kampfkunstschule\\\/\",\"name\":\"Kampfkunstschule Staufen\\\/ M\u00fcnstertal\",\"description\":\"Zentrum f\u00fcr TCM &amp; Kampfkunst Guo-Shu\",\"potentialAction\":[{\"@type\":\"SearchAction\",\"target\":{\"@type\":\"EntryPoint\",\"urlTemplate\":\"https:\\\/\\\/zentrum-tcm-kampfkunst.de\\\/kampfkunstschule\\\/?s={search_term_string}\"},\"query-input\":{\"@type\":\"PropertyValueSpecification\",\"valueRequired\":true,\"valueName\":\"search_term_string\"}}],\"inLanguage\":\"de\"}]}<\/script>\n<!-- \/ Yoast SEO plugin. -->","yoast_head_json":{"title":"Kampfkunst als Gewaltpr\u00e4vention - Kampfkunstschule Staufen\/ M\u00fcnstertal","robots":{"index":"index","follow":"follow","max-snippet":"max-snippet:-1","max-image-preview":"max-image-preview:large","max-video-preview":"max-video-preview:-1"},"canonical":"https:\/\/zentrum-tcm-kampfkunst.de\/kampfkunstschule\/ueber-kampfkunst\/kampfkunst-als-gewaltpraevention\/","og_locale":"de_DE","og_type":"article","og_title":"Kampfkunst als Gewaltpr\u00e4vention - Kampfkunstschule Staufen\/ M\u00fcnstertal","og_description":"Gewalt ist f\u00fcr Kinder, Jugendliche und Erwachsene durch die Situation auf der Stra\u00dfe, dem Schulhof, den virtuellen Medien oder eventuell in der eigenen Familie eine t\u00e4gliche Erfahrung. Eine Folge ist, [&hellip;]","og_url":"https:\/\/zentrum-tcm-kampfkunst.de\/kampfkunstschule\/ueber-kampfkunst\/kampfkunst-als-gewaltpraevention\/","og_site_name":"Kampfkunstschule Staufen\/ M\u00fcnstertal","article_publisher":"https:\/\/www.facebook.com\/dirk.kastner.7","article_modified_time":"2017-07-13T10:48:39+00:00","twitter_card":"summary_large_image","twitter_misc":{"Gesch\u00e4tzte Lesezeit":"2\u00a0Minuten"},"schema":{"@context":"https:\/\/schema.org","@graph":[{"@type":"WebPage","@id":"https:\/\/zentrum-tcm-kampfkunst.de\/kampfkunstschule\/ueber-kampfkunst\/kampfkunst-als-gewaltpraevention\/","url":"https:\/\/zentrum-tcm-kampfkunst.de\/kampfkunstschule\/ueber-kampfkunst\/kampfkunst-als-gewaltpraevention\/","name":"Kampfkunst als Gewaltpr\u00e4vention - Kampfkunstschule Staufen\/ M\u00fcnstertal","isPartOf":{"@id":"https:\/\/zentrum-tcm-kampfkunst.de\/kampfkunstschule\/#website"},"datePublished":"2017-05-23T14:50:40+00:00","dateModified":"2017-07-13T10:48:39+00:00","breadcrumb":{"@id":"https:\/\/zentrum-tcm-kampfkunst.de\/kampfkunstschule\/ueber-kampfkunst\/kampfkunst-als-gewaltpraevention\/#breadcrumb"},"inLanguage":"de","potentialAction":[{"@type":"ReadAction","target":["https:\/\/zentrum-tcm-kampfkunst.de\/kampfkunstschule\/ueber-kampfkunst\/kampfkunst-als-gewaltpraevention\/"]}]},{"@type":"BreadcrumbList","@id":"https:\/\/zentrum-tcm-kampfkunst.de\/kampfkunstschule\/ueber-kampfkunst\/kampfkunst-als-gewaltpraevention\/#breadcrumb","itemListElement":[{"@type":"ListItem","position":1,"name":"Start","item":"https:\/\/zentrum-tcm-kampfkunst.de\/kampfkunstschule\/"},{"@type":"ListItem","position":2,"name":"\u00dcber Kampfkunst","item":"https:\/\/zentrum-tcm-kampfkunst.de\/kampfkunstschule\/ueber-kampfkunst\/"},{"@type":"ListItem","position":3,"name":"Kampfkunst als Gewaltpr\u00e4vention"}]},{"@type":"WebSite","@id":"https:\/\/zentrum-tcm-kampfkunst.de\/kampfkunstschule\/#website","url":"https:\/\/zentrum-tcm-kampfkunst.de\/kampfkunstschule\/","name":"Kampfkunstschule Staufen\/ M\u00fcnstertal","description":"Zentrum f\u00fcr TCM &amp; Kampfkunst Guo-Shu","potentialAction":[{"@type":"SearchAction","target":{"@type":"EntryPoint","urlTemplate":"https:\/\/zentrum-tcm-kampfkunst.de\/kampfkunstschule\/?s={search_term_string}"},"query-input":{"@type":"PropertyValueSpecification","valueRequired":true,"valueName":"search_term_string"}}],"inLanguage":"de"}]}},"_links":{"self":[{"href":"https:\/\/zentrum-tcm-kampfkunst.de\/kampfkunstschule\/wp-json\/wp\/v2\/pages\/146","targetHints":{"allow":["GET"]}}],"collection":[{"href":"https:\/\/zentrum-tcm-kampfkunst.de\/kampfkunstschule\/wp-json\/wp\/v2\/pages"}],"about":[{"href":"https:\/\/zentrum-tcm-kampfkunst.de\/kampfkunstschule\/wp-json\/wp\/v2\/types\/page"}],"author":[{"embeddable":true,"href":"https:\/\/zentrum-tcm-kampfkunst.de\/kampfkunstschule\/wp-json\/wp\/v2\/users\/1"}],"replies":[{"embeddable":true,"href":"https:\/\/zentrum-tcm-kampfkunst.de\/kampfkunstschule\/wp-json\/wp\/v2\/comments?post=146"}],"version-history":[{"count":1,"href":"https:\/\/zentrum-tcm-kampfkunst.de\/kampfkunstschule\/wp-json\/wp\/v2\/pages\/146\/revisions"}],"predecessor-version":[{"id":533,"href":"https:\/\/zentrum-tcm-kampfkunst.de\/kampfkunstschule\/wp-json\/wp\/v2\/pages\/146\/revisions\/533"}],"up":[{"embeddable":true,"href":"https:\/\/zentrum-tcm-kampfkunst.de\/kampfkunstschule\/wp-json\/wp\/v2\/pages\/11"}],"wp:attachment":[{"href":"https:\/\/zentrum-tcm-kampfkunst.de\/kampfkunstschule\/wp-json\/wp\/v2\/media?parent=146"}],"curies":[{"name":"wp","href":"https:\/\/api.w.org\/{rel}","templated":true}]}}